the remainder when 6463947 is divided by 386.
377
Calculate the remainder when 1050541 is divided by 2345.
2326
Calculate the remainder when 40232 is divided by 4725.
2432
What is the remainder when 726819 is divided by 6264?
195
Calculate the remainder when 434252 is divided by 16082.
38
Calculate the remainder when 9486 is divided by 5742.
3744
What is the remainder when 800827 is divided by 22243?
79
Calculate the remainder when 40755 is divided by 8091.
300
Calculate the remainder when 3187585 is divided by 57956.
5
Calculate the remainder when 15268777 is divided by 1388069.
18
Calculate the remainder when 3626664 is divided by 158.
90
What is the remainder when 42149796 is divided by 4683310?
6
Calculate the remainder when 196606 is divided by 297.
289
What is the remainder when 61141 is divided by 2800?
2341
What is the remainder when 5233550 is divided by 1559?
1546
Calculate the remainder when 402453 is divided by 647.
19
Calculate the remainder when 155761 is divided by 59.
1
Calculate the remainder when 45258373 is divided by 2828648.
5
What is the remainder when 9640708 is divided by 782?
212
Calculate the remainder when 49963945 is divided by 90.
85
Calculate the remainder when 1039582 is divided by 57754.
10
What is the remainder when 94169 is divided by 299?
283
Calculate the remainder when 134347173 is divided by 114.
111
Calculate the remainder when 400338 is divided by 2366.
484
Calculate the remainder when 661839 is divided by 100.
39
Calculate the remainder when 11156839 is divided by 40.
39
What is the remainder when 225941 is divided by 7057?
117
Calculate the remainder when 3266394 is divided by 1633012.
370
Calculate the remainder when 2689048 is divided by 9638.
46
Calculate the remainder when 2896077 is divided by 362008.
13
Calculate the remainder when 5962906 is divided by 628.
46
What is the remainder when 381180 is divided by 190089?
1002
Calculate the remainder when 113744 is divided by 113039.
705
Calculate the remainder when 1102363 is divided by 4671.
7
Calculate the remainder when 91089922 is divided by 2066.
2048
Calculate the remainder when 240998 is divided by 9987.
1310
What is the remainder when 17856 is divided by 8701?
454
What is the remainder when 404236 is divided by 105?
91
Calculate the remainder when 3210694 is divided by 24.
22
Calculate the remainder when 243698405 is divided by 6126.
6125
Calculate the remainder when 1296064 is divided by 129555.
514
Calculate the remainder when 16458873 is divided by 78.
15
What is the remainder when 2181198 is divided by 41?
39
Calculate the remainder when 696907 is divided by 3404.
2491
Calculate the remainder when 6744 is divided by 3305.
134
Calculate the remainder when 199461 is divided by 189.
66
What is the remainder when 176101 is divided by 24954?
1423
What is the remainder when 190859 is divided by 6544?
1083
What is the remainder when 376114 is divided by 1011?
22
What is the remainder when 1024451 is divided by 63968?
963
What is the remainder when 9669 is divided by 2410?
29
Calculate the remainder when 524646 is divided by 524635.
11
What is the remainder when 4892438 is divided by 15?
8
Calculate the remainder when 29397191 is divided by 1336235.
21
Calculate the remainder when 3253552 is divided by 20.
12
What is the remainder when 75338789 is divided by 7277?
8
Calculate the remainder when 17197027 is divided by 3947.
3895
Calculate the remainder when 18301 is divided by 484.
393
Calculate the remainder when 1618726 is divided by 163.
136
Calculate the remainder when 23618224 is divided by 18.
10
What is the remainder when 117590 is divided by 981?
851
What is the remainder when 724006 is divided by 143236?
7826
Calculate the remainder when 11643978 is divided by 23.
21
What is the remainder when 7231932 is divided by 3128?
3124
What is the remainder when 36599 is divided by 1197?
689
What is the remainder when 15782850 is divided by 197?
195
What is the remainder when 235071 is divided by 1496?
199
Calculate the remainder when 327158 is divided by 2921.
6
What is the remainder when 4101056 is divided by 12?
8
What is the remainder when 102277 is divided by 14470?
987
Calculate the remainder when 5685106 is divided by 658.
644
Calculate the remainder when 4740006 is divided by 6320.
6
What is the remainder when 809567 is divided by 38?
15
What is the remainder when 154364 is divided by 51049?
1217
What is the remainder when 21447005 is divided by 49?
48
Calculate the remainder when 36641 is divided by 645.
521
Calculate the remainder when 63479 is divided by 12692.
19
Calculate the remainder when 1143808 is divided by 76222.
478
What is the remainder when 592331 is divided by 98259?
2777
What is the remainder when 54674 is divided by 22?
4
Calculate the remainder when 218931 is divided by 218787.
144
What is the remainder when 149772 is divided by 2804?
1160
What is the remainder when 11514 is divided by 2877?
6
What is the remainder when 119784 is divided by 1907?
1550
Calculate the remainder when 19771839 is divided by 5895.
9
What is the remainder when 5210000 is divided by 1736665?
5
What is the remainder when 216740267 is divided by 492?
491
What is the remainder when 226435436 is divided by 2640?
2636
What is the remainder when 1283288 is divided by 426668?
3284
Calculate the remainder when 509179 is divided by 368.
235
What is the remainder when 37812279 is divided by 1672?
1671
Calculate the remainder when 771333 is divided by 2349.
861
Calculate the remainder when 32886 is divided by 6889.
5330
Calculate the remainder when 14020 is divided by 56.
20
What is the remainder when 393369 is divided by 1361?
40
Calculate the remainder when 26914623 is divided by 3094.
3011
What is the remainder when 4141953 is divided by 4141856?
97
Calculate the remainder when 43073 is divided by 2391.
35
Calculate the remainder when 1953440 is divided by 12.
8
What is the remainder when 1094172 is divided by 364090?
1902
What is the remainder when 217815 is divided by 2594?
2513
What is the remainder when 1237960 is divided by 167?
156
Calculate the remainder when 2282228 is divided by 8581.
8263
What is the remainder when 20727333 is divided by 1222?
991
Calculate the remainder when 51401 is divided by 5248.
4169
Calculate the remainder when 2463210955 is divided by 7409.
7406
Calculate the remainder when 9846 is divided by 1394.
88
Calculate the remainder when 62915773 is divided by 1088.
1085
Calculate the remainder when 52711 is divided by 1327.
958
Calculate the remainder when 11693023 is divided by 113.
9
What is the remainder when 105536 is divided by 26045?
1356
Calculate the remainder when 24868765 is divided by 24745.
40
Calculate the remainder when 16097 is divided by 2698.
2607
Calculate the remainder when 5461613 is divided by 706.
703
What is the remainder when 133864602 is divided by 67?
9
Calculate the remainder when 5468868 is divided by 23.
20
What is the remainder when 2088955 is divided by 24?
19
What is the remainder when 973654 is divided by 32?
22
Calculate the remainder when 1910902 is divided by 238789.
590
Calculate the remainder when 422261 is divided by 166.
123
Calculate the remainder when 31276883 is divided by 806.
53
Calculate the remainder when 1254034 is divided by 16500.
34
What is the remainder when 10485420 is divided by 80657?
10
Calculate the remainder when 262864854 is divided by 1220.
1214
Calculate the remainder when 60384916 is divided by 2236478.
10
Calculate the remainder when 35033730 is divided by 4345.
4340
Calculate the remainder when 7147767 is divided by 2382573.
48
What is the remainder when 1035067746 is divided by 43?
40
Calculate the remainder when 163436255 is divided by 29.
27
Calculate the remainder when 22441221 is divided by 312.
309
Calculate the remainder when 123832667 is divided by 1719898.
11
What is the remainder when 1126003 is divided by 11039?
25
What is the remainder when 14704 is divided by 3632?
176
What is the remainder when 502682 is divided by 72?
50
Calculate the remainder when 864255 is divided by 23355.
120
What is the remainder when 9409872 is divided by 90479?
56
Calculate the remainder when 16038865 is divided by 629.
623
Calculate the remainder when 228949322 is divide